 -2 = -2*j - i. What is h(j)?
28
Let x(h) = -h + 10. Let t(y) = 1. Let z(w) = t(w) + x(w). Let m(d) = -d**3 - 33*d**2 + 40*d + 209. Let r be m(-34). What is z(r)?
6
Let f(m) be the first derivative of m**3/3 - 16*m + 88. Suppose 3*i - 5*k - 4 - 21 = 0, -4*i = 4*k + 20. Determine f(i).
-16
Let i(l) = -l**2 + 9*l - 12. Let b be 11/44 - 23/(-4). What is i(b)?
6
Let d(i) = 4*i + 5. Let g be 64/14 + (-4)/7. Suppose 0*z - 15 = 3*z + t, -t = -g*z - 13. Determine d(z).
-11
Let k(m) be the first derivative of m**3/3 + 2*m**2 - 7*m + 31. Give k(-7).
14
Let l(x) = -5*x**2 + 12*x - 9. Suppose 7 + 35 = 7*j. Let h(a) = -4*a**2 + 11*a - 8. Let g(z) = j*h(z) - 5*l(z). Calculate g(-4).
-11
Let v be (-18)/(-4) + (-1 - (-6)/4). Let m(r) = r. Let n be m(0). Suppose n + v = -j. Let w(c) = 4*c + 7. Calculate w(j).
-13
Let i(g) be the first derivative of g**3/3 + 3*g**2 + 3*g + 5. Let l be i(-6). Let y(p) = 1 - 3*p**2 + 4*p**2 + l - 5*p + 0. Calculate y(5).
4
Let n(o) = -6*o**3 - 3*o**2 + o + 1. Let s be n(1). Let h(m) = 5*m + 14. Let j(c) = -6*c - 15. Let l(q) = 5*h(q) + 4*j(q). What is l(s)?
3
Suppose 21*r - 18*r - 6 = 0. Let u(k) = -3 + 5 - 21*k - 3. Let g(a) = -5*a. Let o(v) = r*u(v) - 9*g(v). Give o(3).
7
Let z(i) = i**3 + i**2 + i + 1. Let n be (-20)/90 + 2/9. Suppose n = 3*y + j + 44, 0 = 2*j + j - 3. Let x = -17 - y. What is z(x)?
-5
Let r(o) = 2 + 9*o + 5*o**2 + o**2 - o + 6*o**3 + 0*o**2 - 7*o**3. What is r(7)?
9
Let m be (5/(-15))/((-3)/(-18)). Let p(g) = 3*g**3 + 2*g**2 + 3*g + 3. Calculate p(m).
-19
Let x(d) = -29*d + 11. Let z(a) = -30*a + 13. Let y(h) = -6*x(h) + 5*z(h). Determine y(-1).
-25
Let a(j) be the second derivative of 9*j - 4/3*j**3 - 1/3*j**4 + 0 - j**2. Let u(h) = 5*h**2 + 9*h + 2. Let f(c) = -6*a(c) - 5*u(c). What is f(5)?
-8
Let z be (24 + -19)/(10/8). Let u(w) be the second derivative of 0 + w**2 - 1/12*w**z + 1/2*w**3 + 4*w. Calculate u(5).
-8
Let k(j) = -3*j - 5. Let y = 968 - 960. Calculate k(y).
-29
Let x = 313/8 - 309/8. Let j(r) be the first derivative of 0*r + 1 - x*r**2. Give j(-2).
2
Let i(b) = -b**3 - 14*b**2 + 14*b + 6. Suppose -75*d - 918 - 207 = 0. Give i(d).
21
Let b(c) = c - 7. Let t(k) = k**2 - 3*k - 1. Let a be t(6). Let m = -9 + a. Let w be (-26)/(-4) + (-4)/m. Determine b(w).
-1
Let o(w) be the second derivative of w**5/20 + w**4/2 - w**3/3 - 3*w**2/2 - w + 70. Determine o(-6).
9
Suppose -6 = -2*y - 0. Let x(n) = -3*n - y*n + 2*n + 3*n. Suppose 3 = v - 1. What is x(v)?
-4
Suppose 12*d + 79 = 391. Suppose -5*b + y - 32 = 0, -2*b - 2*y - d = 3*b. Let a(u) = u**2 + 8*u + 4. Give a(b).
-8
Suppose i + 15 = -2*i. Let t(m) be the third derivative of m**6/120 + m**5/15 - m**4/4 + m**3/3 + 258*m**2. Determine t(i).
7
Let n(f) = 15*f**2 + 2*f + 1. Suppose -4*q - 4*t - t = 14, t + 3 = -q. What is n(q)?
14
Let s be (-3)/(-9)*(-12)/(-12). Let w(q) be the first derivative of -7*q - 1 + 7/2*q**2 - s*q**3. Calculate w(6).
-1
Let n(a) = 2*a + 547 - 579 + 0*a. What is n(15)?
-2
Let n(p) = p**3 + 49. Suppose 0 = -2*q - 5*a + 2 + 8, 0 = 3*q + 2*a - 4. Determine n(q).
49
Let u = -1 - -9. Suppose 4*c - u = -r + 5*r, -2*r = 3*c + 14. Let i(b) be the first derivative of -b**4/4 - 4*b**3/3 + b**2/2 + 5*b - 346. Determine i(r).
1
Let d(a) = 4*a - 3*a - 2*a + 5. Suppose -2*g - 3*g + 15 = 0. Suppose -g*i - 2*i = 0. Calculate d(i).
5
Let j(s) = 10*s**2 + 8*s - 5. Let r(t) = 7*t**2 + 5*t - 3. Let k(z) = 5*j(z) - 7*r(z). What is k(-6)?
2
Let t(m) = m**3 + 10*m**2 + 15*m - 6. Suppose -1077*z + 1075*z = 14. Determine t(z).
36
Let y(o) = 4*o**2 - 2*o - 4. Let a be y(2). Let w be a + (-8)/(8/4). Let q(c) = 3*c - c**2 + 1 - 3 + c. What is q(w)?
-2
Let g(y) = y**3 - y**2 - y. Let n = 7 + -6. Let l(p) = 11*p**3 - 3*p**2 - 5*p - 1. Let w(c) = n*l(c) - 5*g(c). What is w(-1)?
-5
Let f(q) = -1 + 406*q - 819*q - q**2 + 415*q. Determine f(1).
0
Suppose -2*z - 4 = a, -3*z - 24*a + 28*a = 17. Let c(o) be the third derivative of o**6/60 + o**5/12 + o**4/8 + 2*o**3/3 - o**2. Give c(z).
-14
Let v(w) = -w**3 + w**2 + 9. Suppose 0 = -7*a - 8*a - 4*a. What is v(a)?
9
Let h be 9*(-4)/(-3) + -6. Let k(o) = -o**3 + 5*o**2 + 3*o + 8. Give k(h).
-10
Let q = 41 - 38. Let y(b) = -b**3 + 3*b**2 - 2*b + 3. Let w be y(q). Let g(k) = -k**3 - 4*k**2 - 2*k - 3. Give g(w).
-6
Suppose -2*u = -3*s - 1, 16*s = 15*s - 4*u + 9. Let w(c) = 2*c**2 - c + 1. Determine w(s).
2
Suppose 2*i - 5 = -3. Let m(x) be the first derivative of -x**4/3 + x**3/6 + 11*x + 15. Let y(l) be the first derivative of m(l). Give y(i).
-3
Let n(j) be the second derivative of -j**4/12 - 5*j**3/6 + j**2/2 + j. Let h be 8*(-12)/(-144)*-6. What is n(h)?
5
Let b(r) = -7*r + 2. Suppose 131*g = -571 + 1881. Give b(g).
-68
Let i(w) = -2 - 23*w**2 - 7 + 21*w**2 + 2 + 3*w. Let k(c) = -3*c**2 + 3*c - 8. Let p(m) = 4*i(m) - 3*k(m). What is p(-5)?
6
Suppose 17*c + 4*c + 105 = 0. Let o(d) = -3*d**2 + 2*d - 4*d**2 + 6*d**2 - 8*d - 5. Give o(c).
0
Let s(w) = w**3 - 2*w**2 - w + 2. Let z(p) = p**3 + 10*p**2 - p - 12. Let y be z(-10). Let r be ((-75)/y)/(-5)*2. Let n = r + 17. Calculate s(n).
0
Let s = 96 + -129. Let i = -32 - s. Let z(y) = y**2 - 2*y + 1. Determine z(i).
0
Let g(x) = 25*x + 40942 - 40945 - 2*x. Determine g(2).
43
Let s = 0 - -5. Let r(b) = b**2 - b - 1. Let g(f) be the second derivative of -f**4/4 + f**3 + 3*f**2/2 + 3*f. Let d(o) = -g(o) - 2*r(o). Calculate d(s).
4
Let y(x) = -x**3 - 10*x**2 + 28*x + 40. Let k be y(-12). Let t(o) = o + 9. What is t(k)?
1
Let j(a) = 3*a - 4. Let t be 39 + (8/(-4))/2. Suppose 5*r + 3*c = t, 3*r - c = 8 + 12. Let q(n) = 2*n - 8. Let x be q(r). Determine j(x).
14
Let y(i) be the second derivative of -3*i**5/20 + i**4/12 - i**3/2 + 3*i**2/2 - 3*i - 21. Determine y(2).
-23
Let u(k) = 2*k**2 + 17*k + 7. Suppose -2*b - 16 = -7*g, -93 = -2*b - 4*g - 109. Determine u(b).
-1
Let k(o) = -4*o + 6. Let m be k(1). Let d(f) = f**m - 110*f + 4 + 2 - 3 + 102*f. Calculate d(7).
-4
Let v(h) be the first derivative of -h**2/2 + 1. Suppose 4*n = 6*n - 50. Let m = -27 + n. Calculate v(m).
2
Let w(m) = -4*m + 1 - 3 - 10. Let k = 9 + -16. Let v(f) = 6*f + 18. Let y(g) = k*w(g) - 5*v(g). Determine y(-5).
4
Let h(s) = -2*s + 3. Let a(n) = -5*n**2 - 16*n + 2. Let i be a(-3). Determine h(i).
-7
Suppose 5*x + 25 = -0*x. Let r be (-6)/15 - 27*1/x. Let s(o) = -o**2 + 5*o - 3. Give s(r).
-3
Let j(b) be the first derivative of -1/8*b**4 - 1/3*b**3 - 1/60*b**5 + 0*b + 6 + 1/2*b**2. Let k(f) be the second derivative of j(f). Calculate k(-3).
-2
Let j(m) = m**3 + 10*m**2 - 39*m + 2. Let s be j(-13). Let x(b) be the first derivative of 3 + 1/2*b**s - 5*b. Determine x(0).
-5
Suppose 12*j - 28*j + 128 = 0. Let h(k) = -k**2 + 6*k - 11. Determine h(j).
-27
Let b be (2/(-5))/(7/35) + 1. Let r be (4/8*1)/(b/14). Let j(x) = -6*x + 6 - x**2 + 4 + 1 - 4. Give j(r).
0
Let g = 70 - 66. Let x(w) = -13*w**2 + 8 - 1 - 5*w - w**3 + 2*w**2 + g*w**2. Calculate x(-6).
1
Let p(g) = -4*g + 1. Let l be 1/3 + 16/6. Suppose 5*n - 56 = -3*x, n - 2*x + 7 = 26. Suppose -l*j = 5*s - 7, 4*j + j - 4*s = -n. Calculate p(j).
5
Let q(l) = 5*l**2 - l - 2*l - l + 3*l. Let p(v) = v**3 - 7*v**2 - 15*v + 16. Let h be p(8). Let a = -41 - h. What is q(a)?
6
Suppose -5*z + 3*f + 61 = -0*f, -4*z = f - 59. Let s = 14 - z. Let d(h) be the third derivative of h**5/60 - h**3/2 - h**2. Determine d(s).
-3
Let i(o) be the third derivative of o**5/30 - o**4/6 + o**3/2 - 6*o**2. Let f = -24 - -33. Suppose 2*h - k + f = 2*k, 0 = -4*h + k + 7. Determine i(h).
9
Suppose 0*d = -4*n - 5*d, -4*d - 36 = -4*n. Let x(g) = -n*g - 2*g + 5*g + 1 + 12*g**2. Give x(1).
11
Let f(w) = -w - 2. Let d(j) = -5*j - 9. Let l be 21/(-3)*1*-4. Suppose 3*u + q = -0*q - 11, 0 = -4*u - 4*q - l. Let v(s) = u*d(s) + 9*f(s). Give v(-1).
-1
Let b(d) = d**3 + 6*d**2 + 4*d - 4. Let x be 3/2*4 + -11. Calculate b(x).
1
Let h(k) = k**2 - 7*k + 2. Let l be (12/(-10))/((-348)/2320). Determine h(l).
10
Let p(o) = o**3 - 7*o**2 + 3*o - 12. Suppose 10 = 3*q - 2, -4*q = -u - 9. Calculate p(u).
9
Suppose -4*m - 52 = -c, 2*m - 3*m - 3*c = 0. Let x be ((-1 + 1)/(14 + m))/(-1). Let h(k) = k**3 + k + 5. What is h(x)?
5
Let n be 13/104 + (-15)/(-8). Let z(v) be the third derivative of 0*v + 6*v**n - 1/12*v**4 + 0 - 1/3*v**3. Calculate z(2).
-6
Let o(c) = -c - 12. Let q(g) = 2*g**3 - 12*g**2 + 2*g - 12. Let 